actors of w?
2, 19
Let w(u) = -u**2 + 5*u + 14. Let i be w(6). List the prime factors of (1/4 + (-522)/i)/(-1).
5, 13
Suppose -43*h = -39*h - 536. List the prime factors of h.
2, 67
Let b(j) = -j**2 + 10*j - 7. Let s be b(8). Let n = 12 - s. Let g(v) = 2*v**3 - v**2 - 5*v + 6. List the prime factors of g(n).
2, 3
Let q(z) = 9*z - 1. Let i = -1 + 3. Let w be q(i). Suppose w = 2*a - 13. What are the prime factors of a?
3, 5
Suppose 0 = -14*c + 34*c - 180. What are the prime factors of 75/c*13/(325/30)?
2, 5
Let x(g) = 98*g - 237. What are the prime factors of x(10)?
743
Suppose -5*v = -v - 156. Let b be 8/(24/(-9)) + 6. List the prime factors of -2*(b - v/2).
3, 11
Let a(p) = -105*p - 177. What are the prime factors of a(-4)?
3
Let d be (24/(-20))/(9/(-30)). Suppose 0 = -5*l + l - d*c + 392, -4*c - 184 = -2*l. List the prime factors of l.
2, 3
Let y(l) = 13*l**3 + 4 + 9*l**3 - l**2 + l - 21*l**3. Let f be y(0). Suppose 3*x + 7 = 2*b - 4, -f*b + 47 = -x. What are the prime factors of b?
13
Let o be 110/(-33) - 2/3. Let g(s) = -6*s - 6. Let a be g(o). Suppose -h + 13 + a = 0. What are the prime factors of h?
31
Let t(b) = 2*b - 53. Let o be t(28). Let j = 12 + -7. Let p = j + o. List the prime factors of p.
2
Let a = -16 - -20. Suppose a*y - 6*y = -110. List the prime factors of y.
5, 11
Let s be 435*(1 + 4/12). Suppose 5*j + 446 = 3*z + 98, -3*j = -5*z + s. Let v = 176 - z. What are the prime factors of v?
2, 3, 5
List the prime factors of 182 - 15/(90/(-12)).
2, 23
Let h(o) be the third derivative of o**5/30 - o**4/8 + o**3/6 + 3*o**2. Let z be h(2). Suppose 4*a - 51 = -t, 5*a + 3*t = z*a + 33. List the prime factors of a.
2, 3
Suppose -94*a = -90*a - 1484. What are the prime factors of a?
7, 53
What are the prime factors of (-1)/((-6110)/(-873) - 7)?
3, 97
Suppose -5*q = 12*q - 18292. Suppose c = 3*d + 2*d - q, -860 = -4*d + c. List the prime factors of d.
2, 3
Let w(q) = 7*q**2 + 14*q + 0*q**2 - 10*q**2 + 20 + 4*q**2. List the prime factors of w(9).
227
Let v be 16/6 - (-2)/6. Let h(o) = -v*o**2 - 4 + 4*o**2 + 1 - 4*o + 0*o**2. List the prime factors of h(-3).
2, 3
Let p be (-174)/54 + 4/18. What are the prime factors of p - (-1 + 1 - 68)?
5, 13
What are the prime factors of ((-39)/(-60) + (-3)/12)*760?
2, 19
Let v = -17 - -16. Let r(n) be the first derivative of -7*n**2/2 - 2*n - 3. What are the prime factors of r(v)?
5
Let q be 4/6 + (-1184)/(-24). Suppose 5*j = -s - 2*s + q, 5*j + 5*s = 50. List the prime factors of 12/j*50/4.
3, 5
Suppose 856 = f + 3*f. List the prime factors of f.
2, 107
Let m(o) = o**3 - 2*o**2 - 2*o + 4. Let d = -23 + 23. Suppose -2*y - l = -6, 3*l + 0*l = d. List the prime factors of m(y).
7
Suppose 0 = -n + 1 - 20. Let g = -7 - n. Suppose z - g = -4. List the prime factors of z.
2
Let x(t) be the first derivative of -t**3/3 + 3*t**2 - 5*t + 5. Let v be x(4). Suppose 4*k - 4*b - 16 = 0, 9 = 2*k - b - v. List the prime factors of k.
2
Suppose 0 = 3*i - 4*i - 1, -3*i - 6 = -n. Suppose 0 = -n*f - 2 + 179. List the prime factors of f.
59
What are the prime factors of 1*4769 + (-38 - -27)?
2, 3, 13, 61
Suppose -5*m + 3182 = 4*g, -642 = -m - 0*g + 2*g. List the prime factors of m.
2, 11, 29
Suppose 3*y - 697 = -5*o, -2*y - 6*o + 3*o = -464. List the prime factors of y.
229
Suppose -25 = -5*h - 5*p, -h + 5*p - 23 = -5*h. Suppose h*v + 8 = 48. Suppose 2*a - a = v. What are the prime factors of a?
2, 5
Let w(f) = -f**2 + 25*f + 10. Suppose 5*i - 29 = 4*i - 4*l, 15 = 5*l. What are the prime factors of w(i)?
2, 73
Let x(q) = -q + 3 + 0*q - 1. Let u be x(-2). Suppose 0 = 4*i + u*z - 16, i = 2*i + 3*z - 4. What are the prime factors of i?
2
Let k = 25 - 24. Let i be 7/(0 - k/(-11)). Suppose 45 = 2*s - i. What are the prime factors of s?
61
Let v(j) = 2*j**2 + 3*j - 3. Let c be v(3). Let l = c + 122. List the prime factors of l.
2, 73
List the prime factors of -1 - 21635/(-7) - (-192)/672.
2, 3, 5, 103
Let d = -9 + 23. Let b = -8 + d. Let t = 17 - b. List the prime factors of t.
11
Let s(i) = -48*i - 1. Let o be s(-1). Let u = o + -32. Let z = u - 4. What are the prime factors of z?
11
Suppose 0 = 6*p - 8*p + 4. Suppose 0 = p*v - 83 - 37. What are the prime factors of v?
2, 3, 5
Let r = -1817 + 3090. List the prime factors of r.
19, 67
Suppose -c + h + 7 = c, 2*c - 3 = -3*h. Suppose -26 = c*r - 392. List the prime factors of r.
2, 61
Let p(c) = 55*c**3 + 21*c**2 + 95*c**3 - 2 - 21*c**2 + c. List the prime factors of p(1).
149
Suppose 2*g - 6*q + 26 = -q, 2*g + 5*q + 46 = 0. What are the prime factors of ((-207)/(-12))/(g/(-48))?
2, 23
Suppose -123 = 8*l - 35. List the prime factors of (-1 - l)/(3/15).
2, 5
Suppose -5*b + 123 + 27 = 0. Suppose 0 = 3*h - r - b, 3*h - 30 = 3*r + 2*r. Let l = 67 - h. What are the prime factors of l?
3, 19
Let t(a) be the first derivative of 3*a - 1/4*a**4 - 7/3*a**3 - 3 - 7/2*a**2. What are the prime factors of t(-6)?
3
Let b be ((-40)/24)/((-3)/9). Suppose b*v + 323 + 177 = 2*k, 5*k + v = 1196. List the prime factors of k.
2, 3, 5
Let r(o) = o**2 + 6*o + 3. Let n be r(-6). Suppose -n*p + 23 = 2. Suppose -5*q + 4*y + 12 = -3*q, -q + y + p = 0. List the prime factors of q.
2
Let l(z) = 8*z - 11 + 6*z**2 + 2 + 6*z**2 - 13*z**2. Let p be l(7). What are the prime factors of 1*(-6)/4*p?
3
Suppose 0 = -16*u + 3*u + 741. Suppose -2*y + u = -109. What are the prime factors of y?
83
Suppose h + 4*h - 4*i + 38 = 0, -4*h = 3*i + 49. Let m(c) = 3*c**2 + 8*c - 22. What are the prime factors of m(h)?
2, 3, 11
Let j(x) = 2 - x**2 + 8*x**2 - 10 + 6*x + x**3. Let r be j(-6). What are the prime factors of (-3 - r) + 5 + -2?
2
Let j = -176 + 1041. List the prime factors of j.
5, 173
Let z be (-1)/5 + (-42)/(-10). Suppose -15 = -z*a - 3*u + 57, u = 4. Suppose 4*j - a = -7. What are the prime factors of j?
2
Let g be 19 - 1 - 3 - -1. Suppose 11*z = g*z - 490. What are the prime factors of z?
2, 7
Suppose 3*o + 2*o + 395 = s, 3*o = -2*s + 777. Suppose -s = -0*z - 3*z. What are the prime factors of z?
2, 5, 13
Suppose -5*t - 8*t + 7215 = 0. List the prime factors of t.
3, 5, 37
Suppose 3 = r - 12. Let d be ((-12)/(-10))/(6/r). Suppose -3*l = -5*y + 133, 3*y = -d*l + 146 - 47. List the prime factors of y.
29
Let s be (4/(-3))/(7/3 + -2). List the prime factors of (-1 - s)*50/6.
5
Let y = 68 + -124. List the prime factors of (-1090)/(-16) - (-7)/y.
2, 17
Let t = 9 - -1. Let f(x) = x**2 - 9*x - 7. Let s be f(t). Suppose -4*c = -s*c - 56. What are the prime factors of c?
2, 7
Suppose 35*i - 33*i = 112. What are the prime factors of i?
2, 7
Let o(v) = -2*v**2 + 51*v - 55. What are the prime factors of o(19)?
2, 3
Suppose -3*g - 3 = -6. What are the prime factors of (6 - 0 - 4)/g?
2
Suppose 4*l - 873 = 11*n - 10*n, -661 = -3*l + 2*n. List the prime factors of l.
7, 31
Suppose 12*h + 1335 = 17*h. Let b = h + -79. What are the prime factors of b?
2, 47
Suppose -s + 4*t + 528 = 0, -13*s = -15*s + t + 1049. List the prime factors of s.
2, 131
Let q = 292 + -141. List the prime factors of q.
151
Suppose -2*i = -z - 0*i + 3, -5*z + 26 = i. Suppose -5*c - x = -z*x - 280, 4*c + x = 203. Suppose 0 = 5*w - 73 - c. What are the prime factors of w?
5
Let c(o) = -164*o - 57. What are the prime factors of c(-4)?
599
Let x be (-4834)/(-14) - 14/49. Suppose a - 6*a = -x. What are the prime factors of a?
3, 23
Let v be (-16 - -61)*(-1)/(-1). Suppose -3*k = k + 2*d + 86, 3*d + 60 = -3*k. Let x = k + v. List the prime factors of x.
2, 11
Suppose -3*d + 3 = -5*y - 0*d, -2*y + 2*d + 2 = 0. Suppose -42 = -4*r - 150. What are the prime factors of r/y*(4 - 1)?
3
Let s(b) be the second derivative of -b**3/3 + 4*b**2 - 10*b. Let m be s(4). Let n = m - -13. List the prime factors of n.
13
Suppose 0 = -139*o + 116*o + 61824. List the prime factors of o.
2, 3, 7
Let j(p) = 34*p - 4. Let v be j(1). Let h = v - -175. List the prime factors of h.
5, 41
Suppose 2*o + 2*o - 16 = 0. Suppose r + 3 = -f + o*r, 2*f + 3*r - 39 = 0. List the prime factors of 5*(f/3 - 0).
2, 5
Let p(b) = -b + 5. Let v be 16*(3 + (-20)/8). Let a be p(v). List the prime factors of (a/(-9))/((-2)/(-258)).
43
Let t(r) = -r**3 + 9*r**2 - 7*r + 50. List the prime factors of t(8).
2, 29
Let d(o) = -16*o**3 - o**2 - 5*o - 14. Let v be d(-3). Suppose 2*j + 4*f - 62 - v = 0, -242 = -j - f. Lis